3 and z?
17
Suppose 0 = a - 5, 5*d + 7*a = 4*a + 20. Let w be ((-102)/(-18))/(d/3). What is the greatest common factor of w and 187?
17
Suppose -u = 5*a + 1, -3*a = 3*u + a - 8. Suppose -1 = -z + 3*t, u*t - t = 15. What is the greatest common divisor of 128 and z?
16
Suppose -5*p - 35 = -10*p. Let q be (-7 - 8 - 13)/(-4). What is the greatest common factor of q and p?
7
Let q be 7 - -1*(179 - -2). Calculate the greatest common factor of q and 94.
94
Suppose 5*h - 3957 = -3007. What is the greatest common factor of 70 and h?
10
Suppose 5*l + 533 = 3*i + 6*l, 4*i + 5*l - 718 = 0. Calculate the greatest common divisor of i and 295.
59
Suppose -5*t - 2 = -0*c + c, 4*c = -3*t + 9. Let u be ((-350)/t)/(2 + 0). Calculate the greatest common factor of u and 25.
25
Let n(u) = -u**2 - 13*u - 4. Let a be n(-5). Let q = -203 - -142. Let v = q - -70. What is the highest common divisor of v and a?
9
Let g(s) = 8*s + 123. Let d be g(-15). What is the highest common factor of d and 81?
3
Suppose -h + 40 = 4*h. Suppose -108 = -h*x + 180. Calculate the greatest common factor of 12 and x.
12
Let i be 1 + (-9)/(-12) + (-653)/(-4). Suppose 0 = 5*k + 25, 0 = 6*n - n - 2*k - i. Calculate the highest common divisor of 248 and n.
31
Let a be 102 - 40/(-5) - 2. What is the greatest common factor of a and 1188?
108
Suppose -5*h = q - 244, 3*q + 232 = 5*h + q. Let t(m) = -m + 19. Let n be t(7). Calculate the greatest common divisor of n and h.
12
Suppose 5*h - 36 = 2*p - 0*p, 2*h - 9 = -p. Calculate the greatest common divisor of 8 and h.
2
Let l(b) = -16*b - 9. Let x be l(-1). What is the greatest common divisor of 189 and x?
7
Let r be (-6)/(-8) - (2253/(-4) + -19). Calculate the greatest common factor of r and 11.
11
Suppose 14*z - 160 = 36. Calculate the highest common factor of 112 and z.
14
Let n(d) = 4*d**3 - 3*d**2 + 4. Let j be n(2). Let g be 2 - (-3 - -3) - -14. What is the highest common divisor of j and g?
8
Let g(a) = -a**3 + 6*a**2 + a + 8. Let f be g(6). Suppose 2*h + 140 = 4*h. What is the highest common divisor of f and h?
14
Suppose -2*t + 480 = j + 3*j, 2*t = 4*j + 520. Calculate the greatest common factor of t and 175.
25
Let k be -4 - -15*4/(-4)*-1. What is the highest common factor of k and 88?
11
Suppose 6*n - 10*n - 2*v = -202, -4*n + 217 = -3*v. Calculate the greatest common divisor of 169 and n.
13
Suppose -40 = -2*d + 90. Suppose 19 + d = 4*j. What is the highest common factor of j and 7?
7
Let h(w) = 31*w + 77. Let m be h(-7). Let k = -120 - m. Calculate the highest common factor of k and 4.
4
Let f(u) = 4*u + 2. Let m be f(6). Suppose 5*d = -54 + 574. Calculate the highest common factor of d and m.
26
Suppose -2*o + 12 = -8. Let q = 74 + -69. What is the greatest common factor of o and q?
5
Suppose -3*q + 19 = -m + 5, 0 = 5*q - 25. Let u be 5/(2 - m)*33. Let p = 20 - 5. Calculate the highest common factor of p and u.
15
Let z = 1206 + -346. Suppose -3*h + 5*r = -6*h + z, 3*r = 5*h - 1388. What is the highest common divisor of h and 35?
35
Let y(r) be the third derivative of -1/2*r**3 - 1/24*r**4 + 0 + 0*r + 5*r**2. Let w be y(-6). Calculate the highest common divisor of 1 and w.
1
Let r be (-9)/((-8)/(24 - 0)). Calculate the greatest common factor of r and 15.
3
Let n(a) = a**2 - 16*a + 25. Let r be n(20). Suppose -2*x + 62 = -2*g, 3*g - 21 = -x + 26. Calculate the highest common factor of x and r.
35
Suppose 128 = 3*y + 26. Suppose 2*k + 509 = -239. Let r be k/33*(-2)/((-4)/(-6)). What is the highest common factor of y and r?
34
Let t = -4 - -11. Let i = -15 - -85. Let s be i/3*(-12)/(-8). Calculate the highest common factor of t and s.
7
Suppose 0 = 3*w - 17*w + 7546. What is the greatest common factor of w and 33?
11
Suppose -3*d = -2*k - k + 87, k - 5*d - 37 = 0. What is the highest common divisor of 54 and k?
27
Suppose -5*n = -a + 240, 2*a - 212 - 279 = -n. What is the greatest common divisor of a and 5?
5
Let o = 129 + 49. Let n = o + -79. Suppose -5*f = 3*g - 60, -3*f + 45 - 3 = 3*g. What is the highest common divisor of f and n?
9
Let z(g) = -g**2 + 22*g - 27. Let r be z(8). Suppose 0 = -w - 3*w - 204. Let u be 8/6*w/(-2). What is the highest common divisor of u and r?
17
Let u = -30 - -15. Let g = 28 + u. Let p be 965/15 - 4/(-6). What is the highest common factor of p and g?
13
Let r be 46/(-92)*(-989 - -3). What is the highest common factor of 29 and r?
29
Suppose -62*n = -61*n - 119. Suppose n*m - 114*m = 95. Calculate the greatest common divisor of m and 57.
19
Let s(z) = 0 + 8*z + 0. Let k be s(3). Let w be 3/2*3344/19. What is the greatest common factor of k and w?
24
Suppose -42502 + 625 = -33*i. What is the highest common divisor of 47 and i?
47
Let i = -36 - -43. Let a = i - -38. Let m(z) = z**3 - 6*z**2 + 2*z + 3. Let w be m(6). What is the highest common divisor of w and a?
15
Suppose 5*q + 50 - 135 = 0. Let j be -2 - (-4 + 7 + -2). Let n be (q + j)*(5 - -4). Calculate the highest common factor of 14 and n.
14
Let t be (-7)/(-5) - (-140156)/185. Calculate the highest common divisor of 33 and t.
33
Let h be (-8)/10*25/5. Let f be ((-12)/h - -18)*1. Suppose 5*o = 6*o - f. What is the highest common divisor of o and 63?
21
Let i(t) = 248*t**2 - 14*t - 7. Let b be i(3). What is the greatest common factor of 37 and b?
37
Let n be 4/(-6)*(-127 - -28). Calculate the highest common divisor of 825 and n.
33
Let i = 2045 - 1213. Calculate the highest common divisor of i and 13.
13
Let y be 2/(-7) + (-2710)/70. Let f = y + 57. What is the greatest common factor of f and 18?
18
Suppose -8*m = -10*m + 30. Suppose 3 = 2*y - 1. Suppose -2*h - 2*n - y*n + 48 = 0, -h = 5*n - 15. What is the greatest common factor of h and m?
15
Let c be -2 + 9/(-3) - -2. Let n = 29 - c. Let f = -26 + n. Calculate the greatest common factor of f and 3.
3
Let h(b) = b**3 - b**2 + 3*b. Let m be h(4). Suppose -3*g - 5*r = -42, -5*g + 29 = 2*r - m. Calculate the greatest common factor of 114 and g.
19
Let m = -102 + 102. Suppose 12 = 5*w + 3*r, -5*r + 4 - 9 = m. What is the greatest common factor of 21 and w?
3
Let s be 107/7 - 2/7. Suppose -4 = d - s. Let a = 79 - 46. What is the highest common divisor of d and a?
11
Suppose 3*r - 11 = 49. Calculate the highest common divisor of 540 and r.
20
Suppose -3 = -3*x, -21*b + 8 = -20*b - 4*x. What is the greatest common divisor of b and 12?
12
Suppose h - 3 - 5 = 0. Suppose 0 = -5*r + 15, -5*s + 0*s - 4*r + 62 = 0. Let g be (6/4)/(s/480). Calculate the greatest common factor of g and h.
8
Let y be (-12)/7 - (-2)/(-7). Let i = -10 - y. Let g be ((-1)/i)/((-2)/(-16)). Calculate the highest common factor of 4 and g.
1
Let z = 5 - 3. Let t be 11 - (2 - z/(-2)). Let x = 8 + t. What is the highest common divisor of 144 and x?
16
Let m = 2652 - 2514. Calculate the greatest common factor of 1311 and m.
69
Let k be 40*4/25*10. Calculate the highest common divisor of k and 160.
32
Suppose 0 = 4*h - 70 + 54. Suppose -5*s + 4*s + 9 = 2*a, h*s + 34 = 2*a. What is the highest common factor of 21 and a?
7
Let b(u) = u**3 - 14*u**2 - 30*u + 130. Let k be b(16). Let h = 59 + -41. Calculate the highest common divisor of h and k.
18
Let n be 154/3 - 2/(-3). Let q be (2 - (-5)/(-2))/((-5)/50). Suppose q*u = 3*w - 212 - 158, -w - 3*u + 142 = 0. What is the greatest common divisor of n and w?
26
Suppose -2364 = 18*t - 11544. Calculate the greatest common factor of 45 and t.
15
Suppose 0 = -a - 3*a + 140. Let n be (2/1)/(7/(-168)*6). Let w be (n/10)/((-14)/a). Calculate the greatest common divisor of w and 18.
2
Let k be 1*-1 + 13/13. Suppose k = 3*a - 2*a - 8. Let l(t) = 89*t**3 - t**2 - t + 1. Let y be l(1). Calculate the highest common divisor of y and a.
8
Let p be -39*3/(-18) + (-6)/4. Suppose -10 = -s - 0*s + 2*j, 3*j - 24 = -p*s. What is the greatest common divisor of s and 15?
3
Suppose -3*r + 79 = -5*i, 0 = 2*r - 3*i - 3 - 48. Let w = 106 - 7. What is the greatest common divisor of w and r?
9
Let l = 294 + 223. What is the greatest common divisor of 11 and l?
11
Let y = -115 - -211. Calculate the highest common factor of y and 32.
32
Let y(o) = o**3 - 3*o**2 - 4*o - 11. Let z be y(5). What is the highest common divisor of 19 and z?
19
Suppose d - 6*d = -2*z - 10, -5*d + 25 = z. Let h(t) = 6*t - 16. Let r be h(z). Calculate t